e 7483921?
False
Is 265678056 a multiple of 12?
True
Is 12 a factor of 77056594?
False
Does 42 divide 182577396?
False
Is 960 a factor of 101780965?
False
Is 1552 a factor of 972363696?
True
Is 4 a factor of 18085512?
True
Does 283 divide 11035302?
True
Does 3463 divide 124210884?
True
Is 82111785 a multiple of 13?
False
Is 12 a factor of 405090855?
False
Is 13225237 a multiple of 136?
False
Is 42 a factor of 60364472?
False
Is 194 a factor of 199829810?
False
Is 74 a factor of 18793311?
False
Is 299839408 a multiple of 184?
True
Does 1607 divide 857654293?
True
Is 769 a factor of 185152899?
True
Is 10804428 a multiple of 9?
True
Does 1888 divide 4321887?
False
Is 80 a factor of 230700316?
False
Is 73 a factor of 21319716?
False
Does 19 divide 377577196?
True
Does 656 divide 283384544?
False
Is 32357556 a multiple of 84?
True
Does 4881 divide 42984147?
False
Is 10 a factor of 424540?
True
Does 21 divide 62437389?
True
Does 1218 divide 427830080?
False
Does 39 divide 79696539?
True
Is 1559820188 a multiple of 271?
False
Is 3783101042 a multiple of 1001?
False
Does 414 divide 13736106?
True
Is 1633823262 a multiple of 46?
True
Does 61 divide 1279264200?
False
Is 364 a factor of 40052740?
True
Is 270276010 a multiple of 535?
False
Is 52209445 a multiple of 33?
False
Is 734773054 a multiple of 38?
True
Does 1365 divide 1808811732?
False
Is 33 a factor of 2004812502?
True
Does 159 divide 92094735?
False
Is 2156727936 a multiple of 1408?
True
Is 24 a factor of 70488828?
False
Does 96 divide 25056576?
True
Does 44 divide 280228916?
True
Is 110511793 a multiple of 623?
False
Does 1923 divide 2632806464?
False
Is 873400 a multiple of 40?
True
Does 20 divide 17951140?
True
Is 402 a factor of 333640039?
False
Does 1727 divide 733334321?
False
Does 3327 divide 309443077?
False
Does 722 divide 982362586?
True
Is 16207947 a multiple of 43?
True
Does 45 divide 169027282?
False
Is 281070048 a multiple of 68?
False
Does 1046 divide 243220569?
False
Does 590 divide 14208380?
True
Is 1817 a factor of 28103486?
False
Is 66178704 a multiple of 6?
True
Is 1044 a factor of 5891292?
True
Is 2220119070 a multiple of 174?
True
Does 249 divide 10404714?
True
Does 15 divide 20829565?
False
Is 26 a factor of 640127381?
False
Does 941 divide 281920777?
True
Is 7 a factor of 241375154?
False
Does 923 divide 45846333?
True
Is 1709334791 a multiple of 19?
True
Is 2030 a factor of 620478790?
False
Is 660 a factor of 27832200?
True
Is 12851604 a multiple of 6?
True
Is 2189646438 a multiple of 14?
True
Does 19 divide 42881252?
True
Is 28385080 a multiple of 14?
False
Is 906643080 a multiple of 35?
True
Is 535292736 a multiple of 1156?
True
Is 187 a factor of 69632068?
True
Is 65 a factor of 93522616?
False
Is 3384 a factor of 22636981?
False
Is 4 a factor of 45446697?
False
Is 76653961 a multiple of 205?
False
Is 333 a factor of 84031884?
True
Does 127 divide 1914741121?
False
Is 8 a factor of 43455248?
True
Does 27 divide 2308668?
False
Does 1529 divide 1578544187?
True
Is 2895061447 a multiple of 19?
False
Is 652539093 a multiple of 183?
False
Is 11314383 a multiple of 231?
False
Is 9 a factor of 34793674?
False
Is 764556291 a multiple of 753?
True
Is 448732027 a multiple of 10?
False
Is 4077204891 a multiple of 63?
False
Is 398914302 a multiple of 381?
False
Does 56 divide 818376295?
False
Is 137661818 a multiple of 17?
True
Does 13 divide 131069557?
False
Is 10 a factor of 1980449770?
True
Is 8 a factor of 11051980?
False
Is 57 a factor of 719411510?
False
Is 219 a factor of 14125178?
False
Does 924 divide 48376944?
True
Does 45 divide 4464623738?
False
Is 101956793 a multiple of 11?
False
Is 16 a factor of 3028448?
True
Does 32 divide 22489812?
False
Is 253149468 a multiple of 44?
True
Is 21 a factor of 139769826?
True
Does 304 divide 2792997264?
True
Is 148 a factor of 227472004?
True
Does 1846 divide 1683660705?
False
Is 249 a factor of 23719057?
False
Does 271 divide 66715643?
False
Is 3 a factor of 3344574?
True
Does 1859 divide 4806952?
False
Does 10 divide 12286798?
False
Does 121 divide 70878077?
False
Is 11452725 a multiple of 75?
True
Does 262 divide 14296030?
True
Is 3208876181 a multiple of 144?
False
Does 19 divide 1224998?
False
Is 659 a factor of 810547?
False
Is 1929 a factor of 32249022?
True
Does 346 divide 649175322?
False
Does 292 divide 74375228?
False
Is 7 a factor of 595026747?
True
Is 7760920 a multiple of 21?
False
Does 610 divide 841145470?
True
Is 40334580 a multiple of 9?
True
Does 2013 divide 2099844846?
True
Is 32 a factor of 69157804?
False
Is 291484449 a multiple of 6?
False
Is 1247772 a multiple of 12?
True
Is 23793928 a multiple of 34?
False
Is 27945448 a multiple of 8?
True
Does 5459 divide 700007570?
True
Does 103 divide 29662764?
True
Is 13164164 a multiple of 52?
True
Is 1385 a factor of 130311880?
True
Is 32 a factor of 352834616?
False
Does 32 divide 406321216?
True
Is 954 a factor of 8415234?
True
Does 11 divide 2051284888?
False
Does 2042 divide 59160541?
False
Does 93 divide 457508385?
True
Does 2401 divide 350315504?
True
Is 3222 a factor of 1269986742?
True
Is 209218997 a multiple of 68?
False
Does 8773 divide 1632900944?
True
Is 6516630774 a multiple of 41?
True
Is 31 a factor of 287729817?
True
Is 746506015 a multiple of 43?
True
Is 16262365 a multiple of 83?
False
Does 2 divide 7321308?
True
Does 652 divide 3458860?
True
Does 43 divide 43639367?
True
Does 4884 divide 28117188?
True
Is 70636380 a multiple of 154?
False
Is 412 a factor of 1655614104?
False
Does 3399 divide 89893353?
True
Does 1179 divide 572484730?
False
Is 660 a factor of 113802767?
False
Is 195 a factor of 6225558?
False
Is 1359659974 a multiple of 2007?
False
Does 89 divide 4935175?
False
Is 724594649 a multiple of 373?
True
Does 33 divide 37554990?
True
Does 48 divide 426278646?
False
Is 14 a factor of 144012666?
True
Does 1318 divide 2002042?
True
Is 23 a factor of 115284308?
False
Is 8 a factor of 12194480?
True
Is 9458 a factor of 1008310950?
False
Is 13489286 a multiple of 913?
False
Does 11 divide 136604817?
False
Does 239 divide 1204904081?
False
Is 15894965 a multiple of 53?
True
Is 21685531 a multiple of 5?
False
Does 2045 divide 33240863?
False
Does 328 divide 1059727656?
True
Does 9 divide 140427712?
False
Is 570591525 a multiple of 3475?
True
Is 490751243 a multiple of 129?
False
Is 123568830 a multiple of 1386?
True
Is 4173 a factor of 187921510?
False
Is 485710230 a multiple of 6477?
True
Is 1698380 a multiple of 43?
False
Is 17946065 a multiple of 3?
False
Is 116 a factor of 152891944?
True
Does 213 divide 3294684?
True
Does 192 divide 246856512?
True
Is 592 a factor of 581358797?
False
Is 50 a factor of 28060250?
True
Is 247174199 a multiple of 41?
True
Is 23831437 a multiple of 83?
False
Is 193157116 a multiple of 76?
True
Is 481 a factor of 8738808?
True
Is 85173566 a multiple of 65?
False
Is 10 a factor of 205115?
False
Is 29320005 a multiple of 11?
True
Is 92359368 a multiple of 9?
True
Is 452076768 a multiple of 312?
True
Is 88133245 a multiple of 21?
False
Is 13972391 a multiple of 382?
False
Does 104 divide 7143518?
False
Is 214 a factor of 93953704?
True
Is 25 a factor of 4172206140?
False
Is 1041607800 a multiple of 413?
False
Is 4785 a factor of 251796270?
True
Is 17 a factor of 7799530419?
True
Is 43 a factor of 182476707?
False
Is 280738287 a multiple of 174?
False
Does 291 divide 29928186?
True
Is 192954456 a multiple of 206?
False
Is 3112846 a multiple of 11?
True
Is 29 a factor of 6461072?
False
Is 1013 a factor of 1210757?
False
Is 31045368 a multiple of 444?
True
Is 20 a factor of 471189451?
False
Is 335 a factor of 85184135?
True
Is 3850770 a multiple of 10?
True
Is 278 a factor of 330245374?
True
Does 12 divide 1462708071?
False
Is 42 a factor of 173950742?
False
Does 79 divide 1456781883?
True
Is 89367434 a multiple of 1712?
False
Does 7 divide 32171566?
True
Does 165 divide 79973031?
False
Does 36 divide 1858157532?
True
Is 7 a factor of 77253937?
False
Is 11687130 a multiple of 1638?
True
Is 408898522 a multiple of 4653?
False
Is 39728262 a multiple of 574?
True
Is 49 a factor of 601540546?
False
Is 318019898 a multiple of 1769?
False
Is 620668134 a multiple of 5?
False
Does 112 divide 46204915?
False
Does 16 divide 3